
2
Suppose -15*q = -q + 28. Let z be (q/4)/(8 + 1062/(-132)). Let b be (-1 + 2)/(4/44). Calculate the greatest common factor of b and z.
11
Suppose 5*v + 577 = -7*r + 9*r, 0 = -3*r + v + 859. What is the highest common factor of r and 66?
22
Let v(z) = -5*z - 29. Let o be v(-12). Let q = 122 + o. Let j = q + -91. What is the highest common factor of 155 and j?
31
Let u be (-16)/7 - 2/(-7). Let q be u/4*4*-1. Suppose -3*o + 38 - q = 0. What is the highest common factor of o and 12?
12
Let d = -446 - -633. Let p = -35 + 52. What is the greatest common factor of d and p?
17
Suppose 4*k - 24*k = -12*k. Suppose k*u - u + 5 = 0, -u = 5*r - 495. What is the greatest common divisor of r and 49?
49
Let l be 3 + (159 + -4)/1. Suppose 182*i = l*i + 3672. What is the greatest common divisor of i and 45?
9
Let w = -18 - -28. Let d be (-2 - (2 - -1))/((-25)/w). Suppose 0 = d*y - 2*q - 62, y + 5*q - 165 = -4*y. Calculate the highest common factor of 352 and y.
32
Let w(z) = z**2 + 12*z - 117. Let p be w(11). What is the highest common divisor of p and 56?
8
Suppose 5*q = -7 + 32, 3*q - 63 = -4*h. Suppose -2*c = 6, 3*v + h*c - 999 = 9*c. What is the highest common divisor of 7 and v?
7
Let f(q) = 352*q + 1062. Let b be f(-3). Calculate the greatest common factor of 796 and b.
2
Suppose -23 - 37 = -12*j. Suppose 26*h + 2*a + 48 = 28*h, -j*a - 10 = 0. Calculate the greatest common factor of 110 and h.
22
Let o be 18/1*(-16)/(-32). Let t be (-2 - (6 - 5))/(o/(-21)). Let q be -1*(0 + 0) + 91. What is the greatest common factor of t and q?
7
Suppose 30 = 9*i - 4*i. Let z be -104 + (-10)/(1 + 1). Let s = -107 - z. What is the highest common divisor of s and i?
2
Let r = 4142 - 4031. Calculate the greatest common factor of 2997 and r.
111
Let l(f) = -2*f**3 - 5*f**2 - 7*f - 2. Let x be l(-2). Let i be ((-88)/x)/(2/(-48)). Let h be (-2)/5*(1 + -61). Calculate the greatest common factor of h and i.
24
Suppose 1832 = -5*x + 2*y, 2*x + 7*y + 728 = 9*y. Let o = x + 391. Calculate the greatest common divisor of o and 253.
23
Let r be ((-35)/14)/(30/(-432)). What is the highest common factor of 2826 and r?
18
Suppose 119*h - 3108 = 113*h. What is the highest common factor of h and 814?
74
Let y be 54/24*(2/(-3) - 360/(-60)). Let d = 29 + 7. What is the greatest common factor of d and y?
12
Suppose -29*x - 16*x - 2971 = -12151. Calculate the highest common factor of x and 270.
6
Let x be 30/((-11)/14146*15429 + 12). What is the greatest common factor of x and 20?
20
Suppose 4*d - 255 = -4*g + 917, -2*d = -g + 305. Calculate the greatest common factor of 2475 and g.
99
Let w(q) = 36*q - 190. Let g be w(5). Let z be ((-1575)/(-14))/(-25)*g/3. Calculate the highest common divisor of z and 30.
15
Let l be (122 - (-18 + 5)) + (-3 - (4 + -7)). What is the highest common factor of l and 23?
1
Let d be -2 - -3 - (0 - 0). Suppose 0 = -83*y - 12064 + 12230. What is the highest common divisor of d and y?
1
Suppose -3*b + 25 = 4*i - 0*i, 5*b + 3*i = 60. Let h be 6/(-12)*(b/3 + -173). Calculate the greatest common factor of 132 and h.
12
Let d = 39 - 37. Suppose -d*c - 26 = 24. Let b = c - -43. What is the greatest common divisor of b and 9?
9
Let n be 4*1/(-1 + 3). Suppose -9 - 12 = n*f - 5*z, 5*f + 2*z - 20 = 0. Calculate the greatest common factor of 54 and f.
2
Let a(q) = 43*q**2 - 274*q - 825. Let n be a(-3). What is the greatest common factor of n and 1024?
128
Let z = 15811 - 12885. What is the highest common factor of 1694 and z?
154
Let b be 85/(-10) + (-3)/(-6). Let k be (b/(-14))/(-7*6/(-735)). Calculate the highest common divisor of k and 110.
10
Let a be (12/(-8))/((-6)/552*(4 + -2)). Let y = -25 + -4. Let h = y + a. Calculate the greatest common divisor of 40 and h.
40
Let q be (67 + -67 - 114/5)/((-6)/340). What is the highest common factor of 204 and q?
68
Suppose -y + 5*t = y - 17, -2*y - 4*t = -8. Let u be (-2)/(0 - 3*y/(-585)). Let j = -41 - u. What is the highest common factor of j and 120?
24
Suppose 12892*a - 12897*a = -660. Calculate the greatest common factor of 2508 and a.
132
Let l be (-6 - 3 - -6 - -9) + -2. Let c be 10/20 + (-654)/(-4). Calculate the greatest common divisor of l and c.
4
Suppose -6*m + 3184 - 324 = 49*m. Calculate the greatest common divisor of m and 9724.
52
Let t(m) = -29*m - 90. Let o be t(-8). Let x = o + -87. Suppose 0 = -i - 4*d + 30, -2 = 2*d - 6. What is the highest common factor of i and x?
11
Suppose 2*z - 52 - 218 = 0. Let n = 165 - z. Calculate the highest common factor of n and 6.
6
Let c = 427 - 389. Let i be (-4)/38 - (-1448)/c. Calculate the highest common factor of 114 and i.
38
Suppose 5*n - 2*b = 3445, 5*b = 4*n - 2796 + 23. Calculate the highest common factor of n and 39.
3
Let p = 10 + -6. Suppose 0 = -19*n + 79 + 187. What is the greatest common divisor of p and n?
2
Let p = -279 - -412. Let t = -132 + p. What is the highest common factor of t and 25?
1
Let j(o) = o**2 + 17*o - 79. Let b be j(-20). Let q(n) = -16*n - 194. Let x be q(b). Calculate the greatest common factor of 40 and x.
10
Let v(l) = -l**3 + 2*l**2 + 5*l - 2. Let s be v(3). Let w be s/(-6) - (-300)/18. Let g = 6 - 4. Calculate the greatest common factor of w and g.
2
Let o be (12*(-63)/(-162))/(1*4/18). Calculate the greatest common factor of o and 3423.
21
Suppose 0 = -11*i + 2233 - 66. Calculate the greatest common divisor of 3152 and i.
197
Let y be -7*(1 - 556/28). Suppose 3*p + 108 - y = 0. Calculate the highest common divisor of p and 128.
8
Let q = -23859 - -23947. What is the highest common divisor of 13728 and q?
88
Let i be (-1072)/4*(65/(-10) - -6). Calculate the greatest common divisor of i and 469.
67
Let l = -8 - -56. Let y = 54 - l. Let r be (-9)/(16/(-24) - 2/y). What is the greatest common divisor of r and 3?
3
Let p = -16 - -32. Let n be 6568/32 + 3 + 1/(-4). What is the highest common factor of p and n?
16
Suppose 4*h + 32*h = 52668. Let r be (h/99 - 15) + 2927/9. Calculate the highest common factor of 26 and r.
13
Let g = 423 - 539. Let b be (9/6)/((-2)/g). Calculate the greatest common factor of 29 and b.
29
Let m = 118 + -133. Let b be ((-18)/m)/(69/460). Let y(s) = 11*s**2 - 5*s - 4. Let t be y(4). What is the greatest common divisor of b and t?
8
Let x(h) = -4*h**3 + 39*h**2 + 7*h + 44. Let d be x(10). Calculate the greatest common factor of d and 434.
14
Let q = 617 + -573. Let k = 465 - 179. What is the highest common divisor of k and q?
22
Suppose -2*b = -1 - 11. Let w be -1 + 32 + b*14/(-21). Let y be 3028/16 + 3/(-12). Calculate the highest common factor of w and y.
27
Suppose 22*y + 320 = 27*y. Let r = y - 28. Suppose -2*v - a = v - r, 5*a - 15 = 0. Calculate the greatest common factor of 121 and v.
11
Let r(j) = 4*j**2 + 9*j + 12. Let t be r(-7). Let v = 154 - t. Let a = 33 - 6. Calculate the highest common divisor of a and v.
9
Suppose -2907043*c + 2907017*c = -858. Suppose 0 = -3*z - 31 + 103. Calculate the highest common divisor of z and c.
3
Let g = -9012 - -9034. Calculate the greatest common divisor of 166 and g.
2
Let a(q) = -q**2 + 2*q - 15. Let x be a(-9). Let p = x + 224. Suppose 0*s = -2*s + p. Calculate the greatest common divisor of s and 11.
11
Let u be (-1)/4*-3 - (-63)/(-84). Suppose 5*y + 8*h = 7*h + 12, u = h + 3. What is the highest common divisor of 87 and y?
3
Let b(c) = 41*c**3 + 5*c**2 - 6*c + 8. Let t be b(2). Suppose 2*y + t = 3*m, -m - y - 55 + 163 = 0. What is the greatest common factor of m and 32?
16
Suppose -33 = -4*a - 9. Let m be 6*(-4 + 22/a) + 43. What is the greatest common divisor of m and 533?
41
Let k be 0 + 2 + (13 - -3). Let w = -33973 + 34207. Calculate the highest common factor of w and k.
18
Let w be (-18)/(18/60*5). Let n be w/((-4)/((-1104)/(-18))). What is the highest common factor of 138 and n?
46
Suppose 400*z = 395*z - 3*f + 4308, f - 862 = -z. Calculate the greatest common divisor of z and 14.
7
Let a(i) = 2*i**2 + 16*i + 31. Let n be a(-5). Let s be 102/24 - (n + 6/(-8)). Calculate the highest common factor of 116 and s.
4
Let p = 2829 - 2639. Calculate the highest common divisor of p and 110.
10
Suppose 5*r - 7924 = -2*r. Suppose 586 = n - d, 2*d = -2*n - 4*d + r. Calculate the highest common divisor of 83 and n.
83
Let q be 5/(5/6) + 14/(-7). Suppose -29 = -2*j + 18*t